2 is divided by 17809.
12
What is the remainder when 1865843 is divided by 133274?
7
Calculate the remainder when 239558 is divided by 424.
422
What is the remainder when 11874516 is divided by 3066?
2964
Calculate the remainder when 4954186 is divided by 124.
14
Calculate the remainder when 14670 is divided by 1626.
36
Calculate the remainder when 604190 is divided by 3338.
12
Calculate the remainder when 104590 is divided by 2762.
2396
What is the remainder when 6337483 is divided by 234?
61
Calculate the remainder when 18745431 is divided by 1527.
1506
Calculate the remainder when 67566 is divided by 33375.
816
What is the remainder when 6520379 is divided by 2173432?
83
Calculate the remainder when 143463911 is divided by 5123711.
3
Calculate the remainder when 119250 is divided by 1094.
4
What is the remainder when 497125 is divided by 165627?
244
Calculate the remainder when 63920549 is divided by 75.
74
Calculate the remainder when 159483 is divided by 1854.
39
Calculate the remainder when 32924 is divided by 35.
24
What is the remainder when 444664 is divided by 355?
204
Calculate the remainder when 1118770 is divided by 4949.
296
What is the remainder when 10464749 is divided by 278?
273
What is the remainder when 1475013282 is divided by 7853?
7851
What is the remainder when 2149 is divided by 1341?
808
Calculate the remainder when 20952 is divided by 52.
48
Calculate the remainder when 1446971 is divided by 352.
251
What is the remainder when 17340992 is divided by 17340978?
14
What is the remainder when 34340378 is divided by 1374?
1370
Calculate the remainder when 1961161348 is divided by 4150.
4148
What is the remainder when 19782934 is divided by 137?
134
What is the remainder when 192407 is divided by 4364?
391
Calculate the remainder when 775740 is divided by 256.
60
Calculate the remainder when 84363 is divided by 6350.
1813
What is the remainder when 1106646 is divided by 368871?
33
Calculate the remainder when 2252218 is divided by 375357.
76
What is the remainder when 67583 is divided by 9636?
131
What is the remainder when 69701133 is divided by 14330?
13
What is the remainder when 7520941 is divided by 760?
741
Calculate the remainder when 17599678 is divided by 168.
166
What is the remainder when 1500301 is divided by 7108?
513
What is the remainder when 53712 is divided by 184?
168
Calculate the remainder when 55938 is divided by 11172.
78
What is the remainder when 171314 is divided by 52?
26
Calculate the remainder when 28387811 is divided by 793.
790
Calculate the remainder when 375610 is divided by 652.
58
What is the remainder when 174207 is divided by 1816?
1687
What is the remainder when 382702 is divided by 127536?
94
Calculate the remainder when 301018 is divided by 1627.
23
Calculate the remainder when 1388471 is divided by 10599.
2
Calculate the remainder when 7244095 is divided by 62449.
11
Calculate the remainder when 54930 is divided by 54097.
833
Calculate the remainder when 52345082 is divided by 249.
53
Calculate the remainder when 69993850 is divided by 955.
945
Calculate the remainder when 30293 is divided by 7544.
117
Calculate the remainder when 12257756 is divided by 5696.
5660
What is the remainder when 180567 is divided by 66?
57
Calculate the remainder when 276163 is divided by 4750.
663
Calculate the remainder when 49638399 is divided by 933.
0
Calculate the remainder when 33652590 is divided by 17.
2
What is the remainder when 76974088 is divided by 5030?
5028
What is the remainder when 6721743 is divided by 517057?
2
Calculate the remainder when 575259 is divided by 15979.
15
What is the remainder when 22244768 is divided by 2244?
2240
Calculate the remainder when 184923 is divided by 91722.
1479
Calculate the remainder when 162337213 is divided by 1006.
1005
Calculate the remainder when 18352353 is divided by 389.
111
Calculate the remainder when 402700 is divided by 16777.
52
What is the remainder when 89876 is divided by 771?
440
Calculate the remainder when 1916474 is divided by 2730.
14
What is the remainder when 173935177 is divided by 49?
24
Calculate the remainder when 26207 is divided by 2379.
38
Calculate the remainder when 155687 is divided by 70.
7
Calculate the remainder when 3716944 is divided by 4.
0
What is the remainder when 14304775 is divided by 30?
25
What is the remainder when 590637 is divided by 138?
135
Calculate the remainder when 526211 is divided by 199.
55
Calculate the remainder when 59161244 is divided by 96.
92
What is the remainder when 2583732 is divided by 63?
39
What is the remainder when 20788647 is divided by 2025?
2022
Calculate the remainder when 5077273 is divided by 1995.
1993
What is the remainder when 12547 is divided by 994?
619
Calculate the remainder when 258973 is divided by 2594.
2167
What is the remainder when 22704246 is divided by 3064?
6
Calculate the remainder when 23125176 is divided by 555.
546
Calculate the remainder when 1452354 is divided by 18418.
15750
Calculate the remainder when 390632 is divided by 130183.
83
What is the remainder when 6971376 is divided by 2153?
2115
Calculate the remainder when 34043516 is divided by 17021756.
4
Calculate the remainder when 140876 is divided by 140867.
9
Calculate the remainder when 4239840 is divided by 29.
11
Calculate the remainder when 3941386 is divided by 10.
6
What is the remainder when 1421027 is divided by 33047?
6
What is the remainder when 6043061 is divided by 755382?
5
Calculate the remainder when 91900287 is divided by 705.
12
What is the remainder when 30511 is divided by 2074?
1475
Calculate the remainder when 2228846 is divided by 9.
5
Calculate the remainder when 5979317 is divided by 3320.
3317
Calculate the remainder when 985369 is divided by 44789.
11
Calculate the remainder when 7732067 is divided by 31303.
226
Calculate the remainder when 13705 is divided by 11301.
2404
What is the remainder when 833204 is divided by 673?
30
Calculate the remainder when 129304 is divided by 42934.
502
What is the remainder when 4281660 is divided by 178377?
612
What is the remainder when 161738887 is divided by 21?
16
What is the remainder when 56490552 is divided by 38959?
2
Calculate the remainder when 243373045 is divided by 82.
79
Calculate the remainder when 1248398 is divided by 931.
858
Calculate the remainder when 38494483 is divided by 148.
127
Calculate the remainder when 2424859 is divided by 246.
37
What is the remainder when 6672195 is divided by 678?
675
Calculate the remainder when 274802 is divided by 3870.
32
What is the remainder when 10948096 is divided by 912340?
16
What is the remainder when 8761 is divided by 2731?
568
What is the remainder when 35726752 is divided by 271?
9
Calculate the remainder when 63070434 is divided by 1503.
45
Calculate the remainder when 1129293 is divided by 77.
11
What is the remainder when 141611 is divided by 35380?
91
What is the remainder when 652742 is divided by 43516?
2
What is the remainder when 14042 is divided by 6630?
782
What is the remainder when 146973072 is divided by 425?
422
Calculate the remainder when 2153485 is divided by 2153475.
10
Calculate the remainder when 20258618 is divided by 5064654.
2
Calculate the remainder when 3880304 is divided by 102113.
10
What is the remainder when 391596 is divided by 4374?
2310
What is the remainder when 3747052 is divided by 3891?
19
What is the remainder when 668048 is divided by 832?
784
What is the remainder when 15697865 is divided by 441?
29
Calculate the remainder when 27750125 is divided by 66.
29
What is the remainder when 49784 is divided by 6193?
240
Calculate the remainder when 23394404 is divided by 179.
178
Calculate the remainder when 3163686 is divided by 3045.
2976
What is the remainder when 318463727 is divided by 997?
990
Calculate the remainder when 39857659 is divided by 45.
34
What is the remainder when 69865 is divided by 5781?
493
What is the remainder when 2448432 is divided by 27?
18
Calculate the remainder when 348391 is divided by 334.
29
What is the remainder when 9796721 is divided by 3809?
3782
Calculate the remainder when 136339 is divided by 6861.
5980
Calculate the remainder when 347640 is divided by 1408.
1272
What is the remainder when 27694 i